ose 470 = 6*k + t. What is the tens digit of k?
7
Suppose 85*j + 3209 = 287619. What is the thousands digit of j?
3
Suppose 2*m = -m + 552. Let h(w) = -w**3 - 13*w**2 + 10*w - 20. Let t be h(-14). Suppose 5*q - t - m = 0. What is the tens digit of q?
4
Let q = -1017 + 1440. Suppose 0*h + 419 = 5*t + h, -5*t + q = 2*h. What is the tens digit of t?
8
Suppose 1328 = 12*w - 10*w. What is the hundreds digit of w?
6
Suppose -6534 = 6*b - 9*b - 3*u, 0 = -3*b - 2*u + 6534. What is the units digit of b?
8
Let a(y) = y - 1. Let t be a(4). Suppose 2*k - 84 = 4*q, -t*q - 5 = 4. What is the tens digit of k?
3
Let i be (-2 - 2/(-2))*0. Let s = -466 - -470. Suppose i*w + 111 = 2*j - 3*w, -s*w = -4*j + 216. What is the tens digit of j?
5
Suppose -2*s = -l - 437, l = 2*s - 2*l - 447. Let r = 409 - s. What is the tens digit of r?
9
Let q be 2/(-5) - 140/(-25)*-1. What is the tens digit of (-1)/q + 1 + 2335/30?
7
Let y(o) = o + 30. What is the units digit of y(-9)?
1
Let k = 13 - 113. Let w = 159 + k. What is the tens digit of w?
5
Let p be (-3)/((2 - -2) + -7) - -5. Suppose 1577 = p*z - 451. What is the tens digit of z?
3
What is the units digit of (653 + -7)*(-1 + 2 + 0)?
6
Suppose -g - 23 = 4*x, 0*g + 1 = g. Let v = -53 + 71. What is the tens digit of (v + -1)/((-3)/x)?
3
Suppose -4 = s - 2*s. Suppose s*c = 5*c + 1. What is the units digit of c*(-19 + 0) - -2?
1
Suppose -306 - 79 = -4*k - q, -5*k = q - 481. What is the units digit of k?
6
Let o be 12/3 + 23 - 0. What is the units digit of (-1088)/(-36) - 6/o?
0
Let n = 3824 + -1928. What is the tens digit of n?
9
Let k = -18 - -20. What is the tens digit of (570/45)/(k/3)?
1
Suppose 0 = a - 12 - 174. Let m = -114 + a. What is the units digit of m?
2
Let j = 89 - -586. What is the units digit of j?
5
Let f(y) = -35*y - 18. Let b be f(10). Let m = -258 - b. What is the hundreds digit of m?
1
Let i(p) = p + 6. Let a be i(-8). Let y be ((-1*20)/2)/a. Suppose 4*k - 5*g + 0 = y, 3*k - 30 = -5*g. What is the units digit of k?
5
What is the units digit of 1/3 + 5/(45/18267)?
0
Let d = 1548 - -513. What is the tens digit of d?
6
Let i(j) be the first derivative of 153*j**2/2 - 5*j - 6. What is the units digit of i(1)?
8
Suppose 5 = 4*u - 11, -4*k - 12 = -5*u. Suppose -9*j + 1099 = -k*j. What is the units digit of j?
7
Let w(o) be the first derivative of 21*o**4/4 - o**3/3 - o**2/2 + 6*o + 12. What is the tens digit of w(2)?
6
Suppose -4*a - 12 = -5*a. Let l(k) = 2*k**3 - 6*k**2 + 8*k - 4. Let g be l(3). Let p = g + a. What is the units digit of p?
2
Let f = 731 + 1559. What is the thousands digit of f?
2
Let m(w) = 5*w**2 + 7*w + 22. Let t be m(11). Suppose t = 5*v - v. What is the units digit of v?
6
Suppose -3*o - 4*l + 8 + 2 = 0, -36 = -5*o + 3*l. Suppose 2 = o*u - 10. What is the units digit of u?
2
Let k = 232 + -80. What is the units digit of k?
2
Let q = 97 + -51. Let n be (0 + (-4)/10)*85/(-17). Suppose 4*z + n*d = q, 5*z - 83 = 2*d - 21. What is the tens digit of z?
1
Let t(v) = v**2 - 11*v - 9. Let r be t(11). Let j = -11 - r. Let f = j + 9. What is the units digit of f?
7
Suppose 6*s = 841 + 545. Suppose 0 = 3*c - 3*y - s, 3*y = 5*c - c - 308. What is the tens digit of c?
7
Let n(b) = 2*b**3 - 13*b**2 + 2*b - 15. Let t(f) = f**3 + f**2 + f + 1. Let h(s) = n(s) - 3*t(s). Let u be h(-16). What is the units digit of u + 29*(-2)/(-2)?
7
Suppose 0 = 7*u - 1462 - 687. What is the units digit of u?
7
Let l(i) = 2*i**2 - 19*i - 48. What is the tens digit of l(-13)?
3
Suppose -227*u + 224*u + 708 = 0. What is the hundreds digit of u?
2
What is the units digit of 2019/((-7 - -6) + 4)?
3
Suppose 3 = -3*d, -b - 2*d = -0*d - 3. What is the units digit of 0/1 + ((-135)/b)/(-1)?
7
Let o be (-2 - 3)*12/(-4). Suppose n = -n + 5*b + o, 3*b = 2*n - 9. Suppose -15 = -4*s - 3*a + 14, n = -s + 3*a + 26. What is the tens digit of s?
1
Let d(n) = 3*n**2 - 21*n - 3. Let v = 9 + -7. Suppose -4*i = v*h - 36, -4*h = -3*h. What is the units digit of d(i)?
1
Let h = 4211 - 2774. Suppose -279 = -b - 0*b - 5*l, -4*l + h = 5*b. What is the hundreds digit of b?
2
Suppose 0 = 3*v - 6 - 0. Suppose -v*k - 54 = -5*k. What is the units digit of k?
8
What is the units digit of 132/42*(77 + (1 - 1))?
2
Suppose -372 = -3*b + o, -5*b + 0*o = 5*o - 600. Let a = -46 + b. What is the units digit of a?
7
Suppose 10*u = 138 + 2972. What is the tens digit of u?
1
What is the thousands digit of (1948 - -12) + ((-6)/(-1))/(-1)?
1
Suppose -5*c = b - 23, -2*c = c - 12. Suppose 0 = -b*f - 2*f - 4*n + 4, -5*f + 4*n = -36. Suppose -v = -f*v + 183. What is the tens digit of v?
6
Let h be (-70)/(-21) - (-8)/(-6). Suppose -m = -0 - h. Suppose 2 = m*q, -4*x + 5*q + 77 = 10. What is the units digit of x?
8
What is the units digit of 0 - 3 - (86 + -433)?
4
Let j be (9/(-2))/(30/40). What is the units digit of (-3)/j + 15/2?
8
Suppose 0 = -2*u + 2*a - 4*a + 356, 4*u - 5*a - 694 = 0. What is the tens digit of u?
7
Suppose 4*h - 3113 = -5*v, -7*h = 4*v - 10*h - 2509. What is the hundreds digit of v?
6
Let c be 40/25*10/4. Let u(i) = 3*i + 2*i**2 + 18*i**2 - c + 6. What is the units digit of u(-1)?
9
Let z(k) = -k**3 - 5*k**2 - 4*k + 1. Let q be z(-3). Let u(o) = -o**3 - 6*o**2 - 6*o - 3. Let c be u(q). Let r = 5 + c. What is the units digit of r?
7
Suppose 2*w - 5 = 1. Let g be -2 + 3/(-9)*w. What is the units digit of 10 + g - (2 + -4)?
9
Suppose -5*y - 3*x + 19 = -26, -25 = 5*x. Let b = y - -107. What is the hundreds digit of b?
1
Suppose -5*d + 5703 + 192 = 0. What is the thousands digit of d?
1
Let k be (-1)/1 + 0 + 3. Suppose k*p + 2*j = 256, 2*p + j - 228 = 6*j. Suppose 4*d - 328 = -p. What is the tens digit of d?
5
Let w(b) = 11*b**2 - 85*b - 68. What is the tens digit of w(21)?
9
Let p(y) = y**2 - 178. What is the hundreds digit of p(-18)?
1
Suppose -3*f - 6 - 3 = 3*q, 4*q + 14 = -5*f. Let w = -13 - -24. Let z = w + q. What is the tens digit of z?
1
Suppose 53 = -5*l + 2*y, 37 = 5*l + 2*y + 94. Let s(f) = -10*f + 53. What is the hundreds digit of s(l)?
1
Let s be -4*(-4 - -3) - 4. Let f(k) = k**3 + k**2 - 12. Let y be f(s). What is the units digit of y/8*(-92)/3?
6
Let v be ((-5)/15*1)/((-2)/12). Suppose 4*k + p = -4*p + 110, v*k - 50 = -5*p. What is the tens digit of k?
3
Let l = -4 - -4. What is the units digit of (-42)/(-7) + -5 - (-4 + l)?
5
Suppose 2*f - 237 + 79 = 0. Suppose 4*k - f - 13 = o, 0 = 5*k + 5*o - 140. What is the tens digit of k?
2
Let v(b) be the third derivative of -b**6/120 - 7*b**5/60 - b**4/8 + 7*b**3/6 - 6*b**2. Let o be v(-5). Let j = o - -46. What is the tens digit of j?
1
Let y(c) = c. Let v(o) = 3*o + 5. Let a(l) = -v(l) + 2*y(l). Let i be a(-9). Suppose z - 6*z = i*x - 177, z - 87 = -2*x. What is the tens digit of x?
4
Suppose 14*z - 2268 - 31556 = 0. What is the tens digit of z?
1
Let p(l) = 4*l**3 + 7*l**2 - 17*l + 39. What is the thousands digit of p(6)?
1
What is the units digit of 3*((-340)/(-3) + (0 - -2))?
6
Let z = 65 + -65. Suppose z = 5*x - 48 + 3. What is the units digit of x?
9
Let m = 211 - 80. Let z = 317 - m. What is the units digit of z?
6
What is the units digit of (-90)/165 + 45073/11?
7
Suppose -4*v + 2*q + q + 8312 = 0, v - 2061 = 5*q. What is the thousands digit of v?
2
Suppose 0 = p - 2*p + 3. Let a be 1/3 - 55/p. Let t = 22 + a. What is the units digit of t?
4
Let b(z) = 85*z**2 - 9*z - 17. What is the units digit of b(-3)?
5
Let k(n) = n + 14. Suppose 13 = -3*r - 26. Let d be k(r). What is the units digit of (-11 - -15) + d*17?
1
Let m(n) = 143*n + 80. What is the tens digit of m(4)?
5
Suppose -o + 74 = -4*j - 220, -2*j + 558 = 2*o. What is the hundreds digit of o?
2
Let y(w) = w**2 - 5*w + 7. Let f(g) = 1. Let n(i) = -3*f(i) + y(i). Let x = -32 - -40. What is the units digit of n(x)?
8
Let a = -11382 - -15945. What is the tens digit of a?
6
Suppose -6*p - 787 = -283. Let y = p + 243. What is the hundreds digit of y?
1
Suppose 12*l - 9*l = i + 1692, -1680 = -3*l - 3*i. What is the tens digit of l?
6
Let z(w) = -10*w + 4. Let p be z(-3). Suppose 0 = 5*h - 3*v + 38, 8*v - 12*v = -h - 11. Let t = p + h. What is the units digit of t?
7
Let s = -891 - -1518. What is the units digit of s?
7
Suppose -51 + 501 = 3*t. Suppose -7*g - t = -9*g. What is the tens digit of g?
7
Let k(w) = -1 - 8*w + 10*w - 2 - 7. Let f 